se
Is 25841 composite?
False
Is 15701 composite?
True
Is 41186 a prime number?
False
Is 1806407 a composite number?
False
Is 66617 composite?
False
Is 100447 composite?
False
Is 434537 a composite number?
True
Is 10453 prime?
True
Is 4262 prime?
False
Is 90341 composite?
True
Is 56167 a prime number?
True
Is 34663 a composite number?
True
Is 621983 a composite number?
False
Is 15487 composite?
True
Is 33979 a prime number?
False
Is 1838203 a composite number?
False
Is 358885 prime?
False
Is 25981 prime?
True
Is 80169 a prime number?
False
Is 108397 a prime number?
False
Is 9031 prime?
False
Is 17197 prime?
False
Is 17903 composite?
False
Is 702623 a composite number?
False
Is 1179109 prime?
True
Is 203 a prime number?
False
Is 172693 composite?
True
Is 4663 a composite number?
False
Is 567091 a prime number?
False
Is 450617 a composite number?
False
Is 35479 composite?
True
Is 934049 composite?
False
Is 30421 prime?
False
Is 59509 a composite number?
False
Is 8767 a composite number?
True
Is 6953 prime?
False
Is 74923 prime?
True
Is 15791 composite?
False
Is 7639 a prime number?
True
Is 249143 a composite number?
False
Is 52741 prime?
False
Is 206285 a prime number?
False
Is 3377 a prime number?
False
Is 109229 prime?
True
Is 10307 prime?
False
Is 1171 a composite number?
False
Is 661589 a prime number?
False
Is 10427 a prime number?
True
Is 23599 prime?
True
Is 677927 composite?
False
Is 99793 composite?
False
Is 735419 a composite number?
False
Is 1597 a composite number?
False
Is 3557 a composite number?
False
Is 759821 composite?
False
Is 2533 composite?
True
Is 85229 a prime number?
True
Is 22147 prime?
True
Is 879119 a composite number?
False
Is 116785 composite?
True
Is 8419 a composite number?
False
Is 19571 prime?
True
Is 9389 prime?
False
Is 3821 a prime number?
True
Is 2429 a composite number?
True
Is 38249 composite?
True
Is 3978217 prime?
True
Is 2413 a prime number?
False
Is 84551 a composite number?
False
Is 200153 a prime number?
True
Is 889867 prime?
False
Is 521882 composite?
True
Is 428723 prime?
False
Is 309193 a composite number?
False
Is 1709 prime?
True
Is 338791 composite?
False
Is 3641 a prime number?
False
Is 36289 prime?
False
Is 101833 prime?
True
Is 1318237 a composite number?
True
Is 38167 a prime number?
True
Is 176533 a prime number?
False
Is 660623 a prime number?
False
Is 80113 composite?
True
Is 44753 a prime number?
True
Is 43751 prime?
False
Is 108653 a prime number?
False
Is 4963 a composite number?
True
Is 168953 a composite number?
True
Is 903791 a composite number?
True
Is 167831 composite?
True
Is 540305 a composite number?
True
Is 273503 composite?
False
Is 17693 composite?
True
Is 10487 a prime number?
True
Is 28051 prime?
True
Is 39901 composite?
False
Is 236427 composite?
True
Is 72147 composite?
True
Is 1343 prime?
False
Is 90269 a prime number?
False
Is 20021 prime?
True
Is 1511 prime?
True
Is 1513607 a prime number?
False
Is 11953 a prime number?
True
Is 619331 prime?
True
Is 12451 a composite number?
False
Is 130991 a composite number?
True
Is 7835 prime?
False
Is 43853 a composite number?
False
Is 1507847 composite?
True
Is 6795137 prime?
True
Is 669659 a prime number?
True
Is 25339 composite?
False
Is 5161 prime?
False
Is 35 a composite number?
True
Is 712945 prime?
False
Is 43427 a composite number?
False
Is 138218 composite?
True
Is 72445 composite?
True
Is 56843 a prime number?
True
Is 13261 composite?
True
Is 6841 a composite number?
False
Is 31769 prime?
True
Is 1454 a composite number?
True
Is 959449 a prime number?
True
Is 510677 prime?
True
Is 21309 a composite number?
True
Is 145109 composite?
False
Is 1865 composite?
True
Is 465607 prime?
False
Is 303119 composite?
False
Is 11901 a composite number?
True
Is 29353 composite?
True
Is 440431 a composite number?
False
Is 172001 prime?
True
Is 34093 prime?
False
Is 119993 prime?
True
Is 88069 a prime number?
True
Is 37661 composite?
True
Is 25274 prime?
False
Is 273583 prime?
False
Is 859 a prime number?
True
Is 206519 composite?
False
Is 16715 prime?
False
Is 8098 prime?
False
Is 71935 a composite number?
True
Is 489709 a composite number?
True
Is 587 composite?
False
Is 654277 prime?
False
Is 65179 a composite number?
False
Is 269413 a composite number?
False
Is 453491 a composite number?
True
Is 577957 a prime number?
True
Is 81493 composite?
True
Is 30631 a prime number?
True
Is 235 a composite number?
True
Is 82129 prime?
True
Is 4611443 a prime number?
True
Is 47207 a composite number?
False
Is 73237 a prime number?
True
Is 1909 a prime number?
False
Is 53657 a composite number?
False
Is 1371 a prime number?
False
Is 47279 prime?
True
Is 27411209 prime?
False
Is 3407 prime?
True
Is 3438559 a composite number?
True
Is 843109 a composite number?
True
Is 94747 prime?
True
Is 1331929 a prime number?
True
Is 717397 composite?
False
Is 16249 composite?
False
Is 1461 prime?
False
Is 1165 prime?
False
Is 90031 a prime number?
True
Is 1801 composite?
False
Is 246733 a composite number?
True
Is 208927 composite?
False
Is 60719 a composite number?
False
Is 34621 prime?
False
Is 4493 prime?
True
Is 108879 composite?
True
Is 900959 a prime number?
True
Is 161359 composite?
True
Is 6197 prime?
True
Is 4083 prime?
False
Is 3109 a composite number?
False
Is 10061 a composite number?
False
Is 395 a composite number?
True
Is 1838159 a composite number?
True
Is 2579 a composite number?
False
Is 648337 a prime number?
False
Is 16741 a prime number?
True
Is 195103 a prime number?
True
Is 8719 a prime number?
True
Is 22013 a composite number?
False
Is 52985 a prime number?
False
Is 1159129 prime?
False
Is 80561 a composite number?
True
Is 251527 prime?
True
Is 55877 a composite number?
True
Is 38659 a composite number?
True
Is 9753 a prime number?
False
Is 322001 a prime number?
True
Is 1249697 a composite number?
True
Is 55493 a prime number?
False
Is 231577 composite?
True
Is 87573 a composite number?
True
Is 7431 a composite number?
True
Is 55267 a prime number?
False
Is 107419 a composite number?
True
Is 407897 a prime number?
False
Is 18119 a prime number?
True
Is 93523 a composite number?
False
Is 26002 composite?
True
Is 140557 a prime number?
True
Is 416074 composite?
True
Is 8923 composite?
False
Is 5755 prime?
False
Is 437 a prime number?
False
Is 7237 a composite number?
False
Is 2777 a prime number?
True
Is 5623 prime?
True
Is 20693 a prime number?
True
Is 101267 a prime number?
True
Is 22934 prime?
False
Is 109633 a prime number?
False
Is 354181 a prime number?
True
Is 14029 a prime number?
True
Is 437 prime?
False
Is 52913 prime?
False
Is 22013 a composite number?
False
Is 1546537 a prime number?
True
Is 30497 prime?
True
Is 97 prime?
True
Is 51209 prime?
False
Is 1106537 a prime number?
False
Is 114383 prime?
False
Is 221899 a composite number?
True
Is 51929 prime?
True
Is 59054 composite?
True
Is 251 prime?
True
Is 266335 prime?
False
Is 39313 a prime number?
True
Is 8059 a composite number?
False
Is 918363 a composite number?
True
Is 360587 composite?
True
Is 77593 a prime number?
False
Is 4237 composite?
True
Is 33851 a composite number?
False
Is 375593 a prime number?
True
Is 18839 a prime number?
True
Is 1703 a composite number?
True
Is 557153 composite?
False
Is 587947 prime?
True
Is 8719 prime?
True
Is 45079 prime?
False
Is 30949 a prime number?
True
Is 2779 composite?
True
Is 757241 a prime number?
True
Is 259 a prime number?
False
Is 18787 a composite number?
False
Is 33527 prime?
False
Is 42281 prime?
True
Is 35401 prime?
True
Is 27611 a composite number?
False
Is 3541 a prime number?
True
Is 2899 a prime number?
False
Is 30565 a prime number?
False
Is 141935 prime?
False
Is 7817 a composite number?
False
Is 18743 composite?
False
Is 44519 composite?
False
Is 10027 a prime number?
False
Is 26303 a prime number?
False
Is 479 prime?
True
Is 208019 a prime number?
False
Is 16493 prime?
True
Is 8483 a composite number?
True
Is 865043 composite?
False
Is 6959 prime?
True
Is 1923659 prime?
True
Is 7819 a prime number?
False
Is 2579 composite?
False
Is 387227 a prime number?
True
Is 17337 a prime number?
False
Is 4279 a prime number?
False
Is 1151 composite?
False
Is 2811 a prime number?
False
Is 7403 a composite number?
True
Is 1